{"version":"1.0","provider_name":"Tradition und Markt","provider_url":"https:\/\/traditionundmarkt.com\/fr\/","author_name":"ImpactPro","author_url":"https:\/\/traditionundmarkt.com\/fr\/author\/d549d4ea637b0b33\/","title":"March\u00e9s de No\u00ebl modulaires et innovants &#8226; Tradition und Markt","type":"rich","width":600,"height":338,"html":"<blockquote class=\"wp-embedded-content\" data-secret=\"LVK6zlhjOb\"><a href=\"https:\/\/traditionundmarkt.com\/fr\/a-propos-de-nous\/\">\u00c0 propos de nous<\/a><\/blockquote><iframe sandbox=\"allow-scripts\" security=\"restricted\" src=\"https:\/\/traditionundmarkt.com\/fr\/a-propos-de-nous\/embed\/#?secret=LVK6zlhjOb\" width=\"600\" height=\"338\" title=\"\u00ab\u00a0\u00c0 propos de nous\u00a0\u00bb &#8212; Tradition und Markt\" data-secret=\"LVK6zlhjOb\" frameborder=\"0\" marginwidth=\"0\" marginheight=\"0\" scrolling=\"no\" class=\"wp-embedded-content\"><\/iframe><script>\n\/*! This file is auto-generated *\/\n!function(d,l){\"use strict\";l.querySelector&&d.addEventListener&&\"undefined\"!=typeof URL&&(d.wp=d.wp||{},d.wp.receiveEmbedMessage||(d.wp.receiveEmbedMessage=function(e){var t=e.data;if((t||t.secret||t.message||t.value)&&!\/[^a-zA-Z0-9]\/.test(t.secret)){for(var s,r,n,a=l.querySelectorAll('iframe[data-secret=\"'+t.secret+'\"]'),o=l.querySelectorAll('blockquote[data-secret=\"'+t.secret+'\"]'),c=new RegExp(\"^https?:$\",\"i\"),i=0;i<o.length;i++)o[i].style.display=\"none\";for(i=0;i<a.length;i++)s=a[i],e.source===s.contentWindow&&(s.removeAttribute(\"style\"),\"height\"===t.message?(1e3<(r=parseInt(t.value,10))?r=1e3:~~r<200&&(r=200),s.height=r):\"link\"===t.message&&(r=new URL(s.getAttribute(\"src\")),n=new URL(t.value),c.test(n.protocol))&&n.host===r.host&&l.activeElement===s&&(d.top.location.href=t.value))}},d.addEventListener(\"message\",d.wp.receiveEmbedMessage,!1),l.addEventListener(\"DOMContentLoaded\",function(){for(var e,t,s=l.querySelectorAll(\"iframe.wp-embedded-content\"),r=0;r<s.length;r++)(t=(e=s[r]).getAttribute(\"data-secret\"))||(t=Math.random().toString(36).substring(2,12),e.src+=\"#?secret=\"+t,e.setAttribute(\"data-secret\",t)),e.contentWindow.postMessage({message:\"ready\",secret:t},\"*\")},!1)))}(window,document);\n\/\/# sourceURL=https:\/\/traditionundmarkt.com\/wp-includes\/js\/wp-embed.min.js\n<\/script>\n","description":"Tradition und Markt anime le march\u00e9 de No\u00ebl avec des stands modulaires en bois massif et propose des \u00e9v\u00e9nements uniques aux communaut\u00e9s de toute l'Europe. D\u00e9couvrez nos structures innovantes et polyvalentes pour les march\u00e9s de No\u00ebl, P\u00e2ques et bien plus encore.","thumbnail_url":"https:\/\/traditionundmarkt.com\/wp-content\/uploads\/2023\/02\/Tradition-und-markt-24.webp","thumbnail_width":1400,"thumbnail_height":933}

Marchés de Noël modulaires et innovants &#8226; Tradition und Markt

<blockquote class="wp-embedded-content" data-secret="LVK6zlhjOb"><a href="https://traditionundmarkt.com/fr/a-propos-de-nous/">À propos de nous</a></blockquote><iframe sandbox="allow-scripts" security="restricted" src="https://traditionundmarkt.com/fr/a-propos-de-nous/embed/#?secret=LVK6zlhjOb" width="600" height="338" title="« À propos de nous » &#8212; Tradition und Markt" data-secret="LVK6zlhjOb" frameborder="0" marginwidth="0" marginheight="0" scrolling="no" class="wp-embedded-content"></iframe><script>
/*! This file is auto-generated */
!function(d,l){"use strict";l.querySelector&&d.addEventListener&&"undefined"!=typeof URL&&(d.wp=d.wp||{},d.wp.receiveEmbedMessage||(d.wp.receiveEmbedMessage=function(e){var t=e.data;if((t||t.secret||t.message||t.value)&&!/[^a-zA-Z0-9]/.test(t.secret)){for(var s,r,n,a=l.querySelectorAll('iframe[data-secret="'+t.secret+'"]'),o=l.querySelectorAll('blockquote[data-secret="'+t.secret+'"]'),c=new RegExp("^https?:$","i"),i=0;i<o.length;i++)o[i].style.display="none";for(i=0;i<a.length;i++)s=a[i],e.source===s.contentWindow&&(s.removeAttribute("style"),"height"===t.message?(1e3<(r=parseInt(t.value,10))?r=1e3:~~r<200&&(r=200),s.height=r):"link"===t.message&&(r=new URL(s.getAttribute("src")),n=new URL(t.value),c.test(n.protocol))&&n.host===r.host&&l.activeElement===s&&(d.top.location.href=t.value))}},d.addEventListener("message",d.wp.receiveEmbedMessage,!1),l.addEventListener("DOMContentLoaded",function(){for(var e,t,s=l.querySelectorAll("iframe.wp-embedded-content"),r=0;r<s.length;r++)(t=(e=s[r]).getAttribute("data-secret"))||(t=Math.random().toString(36).substring(2,12),e.src+="#?secret="+t,e.setAttribute("data-secret",t)),e.contentWindow.postMessage({message:"ready",secret:t},"*")},!1)))}(window,document);
//# sourceURL=https://traditionundmarkt.com/wp-includes/js/wp-embed.min.js
</script>

Tradition und Markt anime le marché de Noël avec des stands modulaires en bois massif et propose des événements uniques aux communautés de toute l'Europe. Découvrez nos structures innovantes et polyvalentes pour les marchés de Noël, Pâques et bien plus encore.
